. What is the units digit of a?
0
Let i(c) = -c**3 + 14*c**2 - 20*c + 26. Suppose -2*s = 4*t + s - 47, 4*s = -4*t + 52. Suppose 0 = t*v - 111 + 15. What is the tens digit of i(v)?
7
Let p = 6391 - -41035. What is the units digit of p?
6
Suppose -5*p - 19 = 5*y - p, -p - 1 = 0. Let x be (-3)/y - -2 - 5. What is the units digit of (-2060)/(-25) - x/(-5)?
2
Let a = 306 + -138. Let p = a + -166. What is the units digit of p?
2
Suppose k - 4*q - 4 = -5*q, 0 = 5*k - 5*q. Suppose 5*n + 0*n = k*h + 5162, -4*n = -4*h - 4132. What is the thousands digit of n?
1
Let u(x) = -x**3 - 20*x**2 - 2*x - 131. Let n be u(-41). Suppose 31*a - n = 3*a. What is the thousands digit of a?
1
Suppose 3654 = -58*j + 59*j. What is the tens digit of j?
5
Suppose 17*h - 1683 = 8*h. Let a = -142 + h. What is the units digit of a?
5
Let f(l) = -6*l + 34. Let m(y) = -19*y - 7. Let g be m(1). What is the hundreds digit of f(g)?
1
Let k(q) = -q**3 + 4*q**2 - q - 2. Let i be k(3). Suppose 0 = i*j + 7*j - 2486. What is the hundreds digit of j?
2
Let d(f) = -203 + 196 + 13*f + 112*f. What is the units digit of d(3)?
8
Suppose -631*a = -639*a + 37976. What is the units digit of a?
7
Let z = 1174 + 467. Suppose -z = -4*c - 189. What is the tens digit of c?
6
Let t(h) = 17*h**3 - 4*h**2 - 4*h - 2. Let k be t(3). Suppose -5*f - k = -n, -10*n - 5*f = -12*n + 838. What is the units digit of n?
9
Let w = -5073 + 18288. What is the hundreds digit of w?
2
Let x(w) = w**2 + 2*w - 7. Let v be x(2). What is the units digit of 2763/36 + 1/(3 + v)?
7
Suppose 4*l = 2*x + 10964, -4*l + 4*x + 10952 = 8*x. What is the tens digit of l?
4
Suppose -2*p = -294 - 1020. Suppose -w = -b + p, 12*w + 2636 = 4*b + 10*w. What is the hundreds digit of b?
6
Let k(a) = -914*a + 1901. What is the units digit of k(-22)?
9
Let p(a) = a - 4. Let u be p(8). Suppose 2*j + 0*y = 4*y + 652, -u*j = 2*y - 1254. What is the units digit of j?
6
Let q = 4943 + 993. What is the hundreds digit of q?
9
Let a = 29264 + -11513. What is the ten thousands digit of a?
1
Let f = 154 - 349. Suppose j - 287 = 5*c, -j - 4*c - 291 = -2*j. Let i = j + f. What is the units digit of i?
2
Let t(j) be the second derivative of 3*j**4 - 2*j**3 - 17*j**2/2 - 4*j + 1. What is the tens digit of t(6)?
0
Let o(g) be the first derivative of 5*g**3/3 + 3*g**2/2 + 25*g + 45. What is the thousands digit of o(14)?
1
Let l(j) = 59*j - 83. Let o(z) = z**2 - 7*z + 2. Let r be o(8). What is the units digit of l(r)?
7
Suppose l - 35298 = 10377. Suppose -36*o = -o - l. What is the hundreds digit of o?
3
Suppose -596 = -l + 4*k, 4*l - 1852 = 4*k + 484. What is the tens digit of l?
8
Suppose -17*n + 87668 = 11*n - 150724. What is the tens digit of n?
1
Suppose 3*u + 11 = 4*l, -2*u = -4*l - 0*u + 10. Suppose -n + 5*b = 20, -2*b - 1 = -l*n - 9. Suppose 0 = 4*t - n*t - 280. What is the tens digit of t?
7
What is the units digit of (-425860047)/(-24531) - (2/(-52))/((-2)/4)?
0
Let n(y) = 8*y + 9. Let p = -8 + 19. Suppose 0 = 9*j - p*j + 4. What is the units digit of n(j)?
5
Let g = -30664 - -50940. What is the thousands digit of g?
0
What is the tens digit of (-9 + -15)/(-24) + 1 + 6716?
1
Let m(j) = -1184*j + 1705. What is the units digit of m(-13)?
7
Suppose 41*b = 53*b - 76453 - 28499. What is the units digit of b?
6
Let k be (-1)/(-2) + (-5 - (-81)/6). Suppose 3 = -3*n + k. What is the units digit of (2/10 - n)*30/(-9)?
6
Suppose 6*q + 6 = 0, -25229 = -4*j + 2*q + 5825. What is the thousands digit of j?
7
What is the thousands digit of ((-156)/(-10))/(45/(-1050))*-16?
5
Let a(f) = -f**3 + 8*f**2 - 11*f - 2. Let y be a(6). Suppose y*b + 62 = 5*b. What is the tens digit of b?
6
Suppose 10407*x - 10394*x - 251264 = 0. What is the units digit of x?
8
Let t = -69 + 69. Suppose 2*u - 525 - 117 = t. What is the hundreds digit of u?
3
Suppose -338*s + 483*s - 3203195 = 0. What is the thousands digit of s?
2
Let b be (-2)/7 + 86/7. Suppose 0 = -b*v + 5891 + 3337. What is the tens digit of v?
6
Suppose -8990*x + 8987*x = -51216. What is the units digit of x?
2
Let z(v) = -v**2 - 30*v - 17. Let f be z(-16). What is the tens digit of 46/f + 17544/27?
5
Let n = 256 + 298. Suppose 3*u - 2*h + n = 1951, 473 = u + 3*h. What is the units digit of u?
7
Let f(h) = 858*h**2 - 42*h - 176. What is the units digit of f(-4)?
0
What is the ten thousands digit of 49202 - (9/12 - 1*91/(-28))?
4
Suppose 0 = -4*k + 62 - 6. Suppose d - 15 = 142. Let j = d - k. What is the hundreds digit of j?
1
Let a be (-6832)/84 - ((-8)/6)/4. What is the units digit of 36/a + 17165/45?
1
Let k(p) = -8*p**2 + 97*p - 15. Suppose 25 = 4*z - 3*w, -w + 4 + 1 = 0. What is the hundreds digit of k(z)?
1
Suppose -4*x + f = -34, 5*x - 3*f = -5 + 51. Suppose 0 = -x*h + 13*h - 20. Suppose -3*v + h*a - 26 = -190, 0 = 4*v - 2*a - 222. What is the units digit of v?
6
What is the thousands digit of (-163944)/(-23) + 56/4?
7
Suppose 21*j - 941031 = -18*j. Suppose 20*s + s - j = 0. What is the units digit of s?
9
Suppose 6*q - 12 = 2*q. Suppose q*a - 61 + 52 = 0. Suppose 3*l - 495 = -3*b, -a*b - 2*b + l + 843 = 0. What is the units digit of b?
8
Let j(z) = -z**2 + 6*z - 5. Let s be j(3). Let v be 22/44 + 10/s. Suppose 146 = 3*x - 2*d, v*x - d = -2*x + 241. What is the tens digit of x?
4
Suppose -a + 3*b + 64 = 0, 3*a - 67 - 75 = -b. Let n = -47 + a. Suppose 0 = -2*v + 4*u + 370, -4*v = v - n*u - 885. What is the units digit of v?
5
Let o be (23/23)/((-1)/(-87)). Suppose -f + 2*f - o = 2*l, 0 = 2*f - 5*l - 169. What is the units digit of f?
7
Suppose 0 = -7*h + 10*h. Suppose -3*c - 4*u + 673 = h, 3*c - 21*u + 17*u - 713 = 0. What is the units digit of c?
1
Let p(q) = 396*q + 3363. What is the units digit of p(98)?
1
Suppose 7219 = 2*z - 3*o, -773*z + 770*z - 2*o = -10822. What is the units digit of z?
8
Suppose 8*j = -j + 36. Suppose 0*q + 20 = j*q. Suppose -q*p + 60 = 5*v, 11 = -3*v + 3*p + 29. What is the units digit of v?
9
Suppose 61*r - 27134 - 94828 = 109289. What is the tens digit of r?
9
Let n = -10 + 15. Suppose -20 = -2*z + n*p, -4 = -z - p - 1. Suppose -72 = -z*u + 3*i + 1082, -4*i - 470 = -2*u. What is the tens digit of u?
2
What is the hundreds digit of 121206/15 + (-5 - -1) + 184/40?
0
Suppose 5*b + 2*g = g - 18, -3*g = -b - 10. What is the tens digit of (-598)/b + (3 - 10/4)?
5
Suppose 5*z - 101005 = 7*d, -5*z + 53134 + 47871 = -4*d. What is the thousands digit of z?
0
Suppose 3*a - 22 = -61. Let s(b) = -19*b + 6. What is the tens digit of s(a)?
5
Let a(l) = 2*l**2 - 26*l - 26. Let b be a(14). Suppose 5*j - 3*s = 11, 2*j + 2*j - 8 = b*s. What is the units digit of j?
1
Let w = -1619 + 377. Let j be ((-4)/10 - w/(-120))*-8. Let l = 185 - j. What is the tens digit of l?
9
Suppose -108*i + 110*i - 62350 = -4*x, -3*i - x = -93545. What is the hundreds digit of i?
1
Let f(i) = i. Let l(t) = -33*t**2 + 4*t. Let d(r) = 5*f(r) - l(r). Let n be (-30)/25 - ((-4)/(-5))/(-4). What is the tens digit of d(n)?
3
Let m = 9519 + 318. What is the thousands digit of m?
9
Let b = -159 - -160. What is the units digit of (-21 + 20)*(b - 174)?
3
Suppose w - 3*b = 1598, -5*w - 8*b + 13*b = -8030. What is the units digit of w?
0
Let k(t) = 2*t**3 + 62*t**2 + 42*t - 259. What is the tens digit of k(-29)?
8
Let y(v) = 3*v**3 - 8*v**2 + 28*v + 7. Let t be y(5). Suppose -l - 65 = -t. What is the tens digit of l?
5
Suppose 11*l - 103006 = 306733. What is the thousands digit of l?
7
Suppose 1035677 = -2*y + 73*y. What is the hundreds digit of y?
5
Let i be 22 - (3/(-1) - 2). Let q = i - 24. Suppose q*l - 333 - 171 = 0. What is the hundreds digit of l?
1
Suppose -4*b + 19291 - 8114 = o, -13966 = -5*b + 4*o. Suppose 2*x + b = 2*d, -4*d + x + 6403 = 803. What is the tens digit of d?
0
Suppose 0 = -5*x + v + 39035, 4*x - 49*v + 48*v - 31229 = 0. What is the hundreds digit of x?
8
Let v = -258 - -305. Let y = 336 + v. What is the hundreds digit of y?
3
Let m = -70164 + 109338. What is the ten thousands digit of m?
3
Suppose 0 = 3*c - x - 35208, -c - 5*x + 10749 = -987. What is the units digit of c?
6
Let h be 1 + -1 + -5 - 135/1. Let s = h + 382. What is the units digit of s?
2
Suppose -58*j + 3671196 + 354372 = 56*j. What is the thousands digit of j?
5
Let d be 2 + 1 + (2 + -6 - -5). Suppose -x + 3*r = -44, -338 = -d*x - 2*r - 120. Let m = 